(-7)?
-25
Let w(q) = -7*q + 15. Give w(-7).
64
Let c(o) = o**3 - 10*o**2 - 10*o - 7. Give c(11).
4
Let x(l) = -l**2 - 14*l - 59. Determine x(-7).
-10
Let x(k) = -k**3 - 20*k**2 + 16*k + 26. Give x(-21).
131
Let x(y) = 7*y**2 + y - 1. What is x(3)?
65
Let o(h) = -h**2 - 7*h + 15. Determine o(9).
-129
Let s(j) = j**3 - 9*j**2 - 9*j + 70. What is s(9)?
-11
Let q(r) = r**3 - 5*r**2 - 14*r + 1. Determine q(7).
1
Let t(l) = -9*l - 37. Determine t(-10).
53
Let w(j) = -81*j + 1034. What is w(13)?
-19
Let h(n) = n**2 - 30*n - 2. Determine h(0).
-2
Let t(m) = m**2 - 15*m - 3. What is t(15)?
-3
Let j(q) = -3*q**2 - 5*q. Calculate j(-4).
-28
Let d(j) = j**3 + 4*j**2 + 2*j + 13. Determine d(-5).
-22
Let b(u) = -u**3 + 10*u**2 - 12*u + 30. Determine b(9).
3
Let l(z) = -z**2 + 14*z - 29. Determine l(12).
-5
Let m(p) = 14*p - 11. Calculate m(1).
3
Let u(j) = 2*j**2 + j - 2. What is u(3)?
19
Let n(k) = -41*k - 37. What is n(0)?
-37
Let p(x) = x**3 + 9*x**2 + 19*x - 5. What is p(-8)?
-93
Let s(t) = 69*t**3 - t**2 + t. Calculate s(1).
69
Let x(o) = -6*o - 113. Determine x(-14).
-29
Let w(b) = -b**3 + 9*b**2 - 4*b - 13. What is w(8)?
19
Let a(x) = -x**3 + 8*x**2 - 14*x - 2. Calculate a(6).
-14
Let z(k) = 15*k - 42. Calculate z(4).
18
Let l(z) = -2*z + 9. What is l(-9)?
27
Let a(z) = -z**2 - 15*z - 28. What is a(0)?
-28
Let t(l) = 2*l**3 + 8*l**2 + 2*l. What is t(-4)?
-8
Let d(q) = -q**2 - 30*q - 50. Give d(-28).
6
Let x(m) = -m**3 - 2*m**2 + m + 3. Determine x(-3).
9
Let t(z) = -22*z + 410. Determine t(18).
14
Let a(u) = u**3 + 7*u**2 - 14*u + 15. What is a(-9)?
-21
Let d(j) = -j**3 + 17*j**2 + 38*j - 62. Determine d(19).
-62
Let n(r) = 12*r - 134. Give n(10).
-14
Let z(r) = r**2 + 5*r - 11. Give z(-6).
-5
Let u(n) = n - 37. Give u(10).
-27
Let h(d) = 5*d + 35. Determine h(-6).
5
Let y(m) = -2*m**3 + 13*m**2 - m + 56. Determine y(7).
0
Let v(z) = 75*z + 4. What is v(0)?
4
Let l(j) = j**2 - 13*j + 10. Determine l(9).
-26
Let d(f) = -42*f + 382. Calculate d(9).
4
Let x(n) = n**3 + 12*n**2 + 5*n - 48. Give x(-11).
18
Let m(i) = i**3 + 19*i**2 - 45*i - 28. Determine m(-21).
35
Let a(h) = -h**2 - 11*h - 3. Determine a(-9).
15
Let h(y) = 23*y**2 + 10*y - 8. Calculate h(1).
25
Let x(d) = -d**2 - 15*d + 128. Determine x(6).
2
Let w(x) = 9*x - 57. Calculate w(13).
60
Let f(y) = 2*y**2 + 6. Determine f(0).
6
Let f(q) = -q**3 + 4*q**2 - 7*q - 1. Give f(4).
-29
Let n(j) = -3*j + 8. Determine n(-6).
26
Let g(z) = -z**2 + 21*z + 29. Calculate g(24).
-43
Let h(v) = -v**3 + 55*v**2 + 117*v - 163. What is h(57)?
8
Let b(o) = 2*o**2 - 5*o - 9. What is b(4)?
3
Let b(z) = 21*z. What is b(-1)?
-21
Let v(q) = -q**2 + 142*q - 8. Determine v(0).
-8
Let x(l) = 24*l + 69. What is x(-3)?
-3
Let q(h) = 5*h + 5. What is q(3)?
20
Let b(g) = -g**3 - 2*g**2 + 2. Give b(-3).
11
Let w(n) = 7*n + 1. Determine w(2).
15
Let u(m) = m**2 - 6*m - 10. Determine u(7).
-3
Let j(w) = 11*w**2 + 51*w - 13. Determine j(-5).
7
Let r(m) = -m**3 + 41*m**2 + 42*m + 45. Determine r(42).
45
Let c(v) = -v**3 + 5*v**2 - 4*v - 2. Give c(3).
4
Let f(z) = -3*z - 42. Give f(-15).
3
Let u(i) = i**2 + 1. What is u(-2)?
5
Let f(g) = g**2 + 13*g. Give f(-13).
0
Let i(z) = -3*z**2 + 17*z + 18. What is i(-1)?
-2
Let c(f) = -9*f. Determine c(4).
-36
Let b(i) = i**2 - 4*i - 21. What is b(6)?
-9
Let b(t) = 11*t - 9. Calculate b(-3).
-42
Let q(b) = 8*b + 3. Calculate q(-2).
-13
Let d(k) = k**3 - 9*k**2 + 9*k + 6. Give d(7).
-29
Let i(k) = -3*k + 7. Calculate i(4).
-5
Let n(l) = -8*l + 20. Calculate n(4).
-12
Let u(t) = -t**3 - 4*t**2 + 4*t - 3. Calculate u(-6).
45
Let d(x) = -3*x. What is d(-6)?
18
Let a(p) = p - 7. Determine a(9).
2
Let v(n) = 10*n - 39. Give v(16).
121
Let l(q) = 5*q**2 - 10*q + 11. What is l(5)?
86
Let b(x) = -x**3 - 31*x**2 + 67*x + 22. Calculate b(-33).
-11
Let t(n) = 17*n**2 - 3*n - 2. Calculate t(-1).
18
Let y(f) = 2*f - 12. Give y(10).
8
Let r(p) = -p**2 + 7*p - 1. What is r(5)?
9
Let c(r) = -r**2 + 15*r + 21. What is c(16)?
5
Let w(n) = n**3 + 40. Determine w(0).
40
Let y(t) = t**2 - 9*t + 4. What is y(6)?
-14
Let x(u) = -2*u + 7. What is x(8)?
-9
Let q(m) = 14*m + 150. Calculate q(-11).
-4
Let p(k) = 3*k - 3. Give p(-5).
-18
Let c(f) = -f + 41. Calculate c(34).
7
Let a(v) = v + 2. Give a(-2).
0
Let o(v) = 83*v - 237. Give o(3).
12
Let k(a) = -2*a**2 - 11*a - 27. Calculate k(-5).
-22
Let f(p) = 28*p + 1. Calculate f(1).
29
Let o(s) = -2*s**2 - 19*s + 27. What is o(-11)?
-6
Let c(p) = 4*p + 6. What is c(8)?
38
Let p(u) = -u**3 - u**2 - 2*u - 1. Give p(-3).
23
Let r(y) = y**3 - 19*y**2 + 3*y - 32. Calculate r(19).
25
Let a(t) = t**3 - 7*t**2 + 5*t + 7. Calculate a(6).
1
Let r(s) = -s**2 + 7*s - 3. Give r(9).
-21
Let q(r) = -r**3 + 8*r**2 - 2. Calculate q(8).
-2
Let c(f) = 8*f**2 + 60*f + 9. Give c(-8).
41
Let m(s) = 28*s**3 + 2*s**2 + 2*s - 3. What is m(1)?
29
Let f(y) = -y**2 + 6*y + 9. What is f(9)?
-18
Let n(c) = 2*c**3 + c**2 - 4*c + 13. Determine n(0).
13
Let h(s) = 6*s**2 - s - 3. Determine h(-1).
4
Let l(q) = -2*q**2 + 2*q + 1. Give l(1).
1
Let a(n) = -2*n**2 - 10*n - 55. Calculate a(-6).
-67
Let p(h) = -h**3 - 2*h**2 + 5*h + 5. Determine p(-2).
-5
Let h(u) = u**3 + 2*u**2 + u + 3. Give h(-1).
3
Let y(v) = v**2 + 9*v + 8. Determine y(-4).
-12
Let c(r) = r**3 - 7*r**2 - 5*r + 1. Determine c(8).
25
Let x(r) = -r + 22. Give x(16).
6
Let h(i) = 13*i**3 - i**2 + 2. Give h(-1).
-12
Let p(u) = -u**3 - 9*u**2 + 31*u - 57. Give p(-12).
3
Let m(s) = s**2 - 10. What is m(3)?
-1
Let m(f) = 8*f - 11. What is m(4)?
21
Let r(c) = c**3 - 3*c**2 - 7. Calculate r(4).
9
Let i(f) = f**3 - 4*f - 2. Give i(-2).
-2
Let h(p) = -p**3 + 2*p**2 + 8*p - 11. Calculate h(4).
-11
Let f(y) = y**2 - 5*y - 3. Calculate f(-4).
33
Let j(y) = y**3 - 4*y**2 + 3*y - 1. What is j(3)?
-1
Let r(i) = 24*i + 198. Give r(-8).
6
Let j(a) = -a**2 + 9*a - 30. What is j(0)?
-30
Let y(q) = -20*q - 29. Determine y(-4).
51
Let s(u) = 6*u - 14. Calculate s(7).
28
Let k(m) = 4*m**2 - 6*m + 6. Determine k(3).
24
Let q(a) = 3*a**2 - 29*a - 35. Determine q(11).
9
Let n(x) = 2*x**3 + 4*x**2 + 3*x - 2. Determine n(-2).
-8
Let q(h) = -h**3 + 13*h**2 - 25*h + 6. Calculate q(11).
-27
Let t(k) = 7*k**2 + 40*k - 7. Calculate t(-6).
5
Let x(k) = -k**3 + 17*k**2 - 5*k + 22. What is x(17)?
-63
Let c(o) = -2*o**2 + 5*o - 7. Give c(3).
-10
Let d(t) = 6*t - 165. Give d(27).
-3
Let g(p) = -p**3 - 10*p**2 + p + 12. Give g(-10).
2
Let h(t) = 5*t - 40. Calculate h(9).
5
Let c(w) = 3*w + 2. Calculate c(2).
8
Let b(q) = -q + 12. Calculate b(16).
-4
Let g(m) = 9*m**3 + 12*m**2 - 8*m - 4. What is g(1)?
9
Let g(u) = -u**3 - u**2 - 2. Calculate g(3).
-38
Let o(m) = 66*m - 4. Calculate o(-1).
-70
Let y(r) = 7*r - 72. Determine y(12).
12
Let v(a) = -a**2 - 9*a + 77. Determine v(-14).
7
Let n(k) = k**2 - 6*k - 10. Determine n(6).
-10
Let q(v) = -v**2 + 8*v - 11. What is q(0)?
-11
Let j(c) = -6*c + 20. What is j(4)?
-4
Let u(w) = -w**3 - 2*w**2 + 5*w - 3. Determine u(-3).
-9
Let y(t) = -t**3 - 10*t**2 - 5*t - 15. Determine y(-9).
-51
Let p(g) = g**3 - g**2 - 6*g + 1. Determine p(3).
1
Let r(q) = 3*q**2 - 4*q - 5. Calculate r(-5).
90
Let o(y) = 3*y + 47. What is o(-4)?
35
Let w(d) = -d**2 + d - 3. What is w(-4)?
-23
Let m(d) = d**2 - 7*d - 3. Give m(8).
5
Let s(c) = -c**3 + 8*c**2 - 5*c + 8. Give s(6).
50
Let n(c) = 5*c**2 + 7*c + 3. Give n(-3).
27
Let s(q) = -50*q - 551. Determine s(-11).
-1
Let t(y) = -y - 7. Determine t(-11).
4
Let z(d) = d**2 + 6*d - 11. Calculate z(-4).
-19
Let d(n) = -2*n**3 - 172*n**2 + 3*n + 262. What is d(-86)?
4
Let f(x) = -x + 40. Determine f(-19).
59
Let o(d) = -74*d + 13. Determine o(1).
-61
Let p(s) = -s**3 + 4*s**2 + 6*s + 1. Give p(5).
6
Let i(d) = d + 8. What is i(10)?
18
Let j(d) = -5*d - 1. Calculate j(3).
-16
Let h(d) = -d**2 + 14*d - 11. What is h(6)?
37
Let n(i) = -4*i**2 + 2. Give n(3).
-34
Let m(z) = z**2. Calculate m(-6).
36
Let h(y) = 3*y**3 + 2*y**2 - y. Calculate h(2).
30
Let b(k) = -k**2 + 11*k + 34. What is b(14)?
-8
Let j(r) = r**3 + 13*r**2 + 17*r + 13. Calculate j(-12).
-47
Let a(d) = -5*d - 55. Give a(-7).
-20
Let d(s) = 18*s - 119. Determine d(7).
7
Let q(n) = -n**3 - n**2 - 3*n - 3. What is q(-3)?
24
Let o(b) = b**3 - 4*b**2 - 15*b + 1. Determine o(6).
-17
Let x(l) = l**3 + 14*l**2 + 34*l + 4. Give x(-3).
1
Let i(w) = -w**2 + 